se 10) to base 15
-388c2
Convert 3ec5c (base 15) to base 4.
301102320
-2a7887 (base 11) to base 6
-14133032
-7fb673 (base 16) to base 7
-131066455
Convert 25357 (base 13) to base 11.
47672
9a242 (base 11) to base 3
21101101222
Convert 13c85 (base 14) to base 7.
263125
-2002213000 (base 4) to base 14
-dcd68
What is 100122012000 (base 3) in base 8?
562353
Convert -558362 (base 11) to base 12.
-36a943
What is 28646a (base 13) in base 6?
33040140
-a92559 (base 11) to base 3
-10021200112020
Convert -101000010010110010 (base 2) to base 15.
-33d7c
Convert -10a251 (base 15) to base 9.
-1438614
-1101001101100100001001 (base 2) to base 13
-94358c
Convert -3204733 (base 8) to base 15.
-11d2b1
20101212 (base 4) to base 2
1000010001100110
Convert 44366 (base 7) to base 11.
8436
8acd25 (base 14) to base 16
480e55
What is -12202210 (base 4) in base 9?
-40664
What is -11001101111101000 (base 2) in base 5?
-11333243
-15718475 (base 9) to base 3
-112210122112112
What is -1004450 (base 7) in base 9?
-201522
What is -1110816 (base 9) in base 13?
-17c0a0
What is -324431030 (base 5) in base 14?
-288112
What is 16be4 (base 16) in base 12?
45ab0
What is -d8746 (base 14) in base 2?
-1111111101000101010
Convert 12102212 (base 5) to base 10.
112807
Convert 1332121131 (base 4) to base 8.
1763135
Convert -33230 (base 14) to base 3.
-20021222102
1878112 (base 10) to base 14
36c62c
-306b (base 14) to base 12
-499b
Convert 7331715 (base 9) to base 2.
1110111100100110010011
Convert 42a575 (base 12) to base 9.
1877028
2132d6 (base 14) to base 2
100010010001000111100
What is -201222202211 (base 3) in base 10?
-393493
13506 (base 14) to base 13
188b2
-295d31 (base 14) to base 13
-3b4517
-2aabca (base 15) to base 7
-23343646
1a10331 (base 11) to base 2
1100111101010111110101
What is -250ac3 (base 15) in base 13?
-4a17b3
-10011110101001100000 (base 2) to base 12
-274080
What is -1122031020 (base 4) in base 11?
-232661
What is 101021202212212 (base 3) in base 4?
110312310113
What is -22230322231 (base 4) in base 8?
-12547255
Convert 55101032 (base 6) to base 13.
455bb8
Convert 3561808 (base 9) to base 12.
7910bb
Convert -88144 (base 11) to base 3.
-20111111201
What is -1010010110001110111 (base 2) in base 8?
-1226167
What is 118bc2 (base 14) in base 8?
2224706
What is -142103121 (base 6) in base 8?
-13042231
What is 735735 (base 9) in base 11?
279589
-1ea3f (base 16) to base 14
-33a47
1100000100000 (base 2) to base 7
24002
Convert 102211010020112 (base 3) to base 8.
27754030
What is 10010000001011000010 (base 2) in base 14?
1152ca
Convert 252331 (base 10) to base 11.
162642
Convert -6c7a74 (base 13) to base 7.
-30665116
12217a (base 12) to base 16
47c6e
-15141346 (base 7) to base 4
-11133100003
-5a6c4 (base 13) to base 9
-272567
What is -2157121 (base 8) in base 4?
-2031321101
Convert -73800 (base 15) to base 3.
-200121110200
Convert -12031746 (base 8) to base 12.
-a70886
Convert -146623 (base 10) to base 16.
-23cbf
-12220222120200 (base 3) to base 7
-35523453
What is -3525 (base 15) in base 8?
-26025
-612813 (base 9) to base 3
-200102220110
Convert -a39287 (base 11) to base 15.
-22dcb9
What is 361418 (base 10) in base 6?
11425122
What is 10111001011010000000 (base 2) in base 16?
b9680
Convert 2863454 (base 10) to base 2.
1010111011000101011110
12017231 (base 9) to base 11
3340a87
Convert 123410444 (base 5) to base 11.
385058
1115620 (base 12) to base 14
60dc80
What is -92685 (base 13) in base 8?
-1000646
Convert -204202 (base 5) to base 6.
-51254
What is 6816474 (base 9) in base 13?
9b76c7
What is 201310030 (base 4) in base 6?
2545124
What is 3177816 (base 11) in base 13?
1208925
Convert 1031121013 (base 4) to base 5.
40120444
-36162152 (base 7) to base 4
-30033110330
55035 (base 11) to base 13
2a4a0
33a79 (base 16) to base 14
57169
What is -4f272 (base 16) in base 7?
-2520135
Convert 311101034 (base 6) to base 15.
712204
Convert a892de (base 15) to base 12.
2832a48
Convert -2441414 (base 8) to base 15.
-d43ee
101102012010 (base 3) to base 15
40b0c
Convert -3230230131 (base 4) to base 2.
-11101100101100011101
11011001010110001001001 (base 2) to base 7
114351554
What is -232928 (base 13) in base 15?
-117298
Convert 1010010000011000000 (base 2) to base 6.
11111504
Convert 97a049 (base 11) to base 12.
635a25
What is 5667165 (base 10) in base 7?
66112230
1a2a173 (base 12) to base 2
10101000110111001100111
-211021121102 (base 3) to base 6
-13222232
2b03d (base 14) to base 5
11411241
-234233 (base 5) to base 15
-2898
Convert -12045506 (base 7) to base 10.
-1070411
What is 7888dc (base 16) in base 4?
132020203130
Convert 462311 (base 9) to base 5.
32333043
51c585 (base 14) to base 15
398391
What is -1245647 (base 9) in base 16?
-a6015
7082878 (base 9) to base 12
1320568
Convert 11311111232 (base 4) to base 3.
2212200122222
Convert 27317 (base 13) to base 9.
121152
Convert -9dc8ab (base 15) to base 16.
-72f971
106c2c (base 13) to base 5
44332131
What is 1111000111101110 (base 2) in base 11?
42594
-110000001111100101 (base 2) to base 14
-52029
Convert -1252335 (base 8) to base 5.
-42140110
What is -3011527 (base 8) in base 11?
-4a063a
What is -7a7d3 (base 14) in base 10?
-297909
111213023311 (base 4) to base 2
10101100111001011110101
Convert -52382 (base 12) to base 9.
-173618
What is -3622086 (base 9) in base 8?
-7372413
Convert 10400530 (base 6) to base 14.
815d4
Convert -113011122113 (base 4) to base 3.
-102101110001212
Convert 6c0248 (base 15) to base 5.
2310224033
What is -1674572 (base 9) in base 5?
-214410143
Convert -5517a (base 12) to base 14.
-2d03c
What is 7b005a (base 12) in base 2?
111100000111101000110
-424552523 (base 6) to base 13
-172c962
Convert -d4904 (base 16) to base 15.
-122e90
What is 174754 (base 8) in base 15?
13e55
Convert -131269 (base 13) to base 15.
-9129d
What is 1111100000010010000 (base 2) in base 12?
206014
30ba80 (base 15) to base 4
20311310310
Convert 3324311230 (base 5) to base 13.
1672792
What is -937a (base 13) in base 9?
-30855
What is 333311242 (base 5) in base 11?
90a463
-12221201222 (base 3) to base 13
-4144a
What is -4214033 (base 5) in base 14?
-1b685
-1780a (base 13) to base 6
-545422
What is 299e0 (base 16) in base 12?
82794
What is 3377968 (base 10) in base 6?
200222424
What is 1433201 (base 5) in base 9?
45656
Convert 2115634 (base 7) to base 3.
111000220111
Convert 3320032211 (base 5) to base 11.
4070794
Convert 186121 (base 10) to base 7.
1403425
What is 321523 (base 10) in base 8?
1163763
What is -322243321 (base 5) in base 14?
-278a82
Convert -10331044 (base 5) to base 4.
-111312310
Convert 649ea (base 16) to base 12.
17a60a
542701 (base 9) to base 5
40323030
What is -33062715 (base 9) in base 5?
-13043002020
-23440012 (base 5) to base 3
-102002012222
What is 242133 (base 6) in base 7?
115611
Convert -11604611 (base 7) to base 16.
-fecfc
What is 30433410 (base 5) in base 13?
89597
Convert -2305160 (base 8) to base 16.
-98a70
12022021111212 (base 3) to base 13
779834
-100030352 (base 6) to base 13
-46c451
Convert -1001110101 (base 3) to base 12.
-1000a
-19d9d8 (base 15) to base 3
-2101001220112
What is -100122131 (base 4) in base 2?
-10000011010011101
Convert -20300313 (base 4) to base 13.
-13452
-69954 (base 15) to base 14
-8a765
Convert -1230020211 (base 5) to base 8.
-13250710
-22434434 (base 5) to base 6
-4201250
22333021023 (base 4) to base 13
79abb3
60420302 (base 7) to base 11
2914740
What is 1ccc25c (base 13) in base 10?
9651836
Convert -222010222101 (base 3) to base 14.
-d57b3
What is -17261116 (base 8) in base 5?
-2012212422
Convert -133212113 (base 4) to base 10.
-129431
What is 100210210102112 (base 3) in base 10?
5211932
-2965510 (base 10) to base 15
-3d8a0a
Convert 1e4cc8 (base 16) to base 10.
1985736
Convert -2431421411 (base 5) to base 11.
-32660a4
10101100011010101011 (base 2) to base 12
2a0837
-2433123 (base 6) to base 12
-627a3
541424142 (base 6) to base 13
1cb1256
229793 (base 11) to base 3
200111202001
Convert 11023244012 (base 5) to base 11.
680a044
Convert 186420 (base 14) to base 16.
d28dc
-1ac5c (base 14) to base 10
-68290
1102212100210 (base 3) to base 4
2322300321
Convert -164111246 (base 7) to base 4.
-222231132302
What is -1960b (base 13) in base 15?
-e959
What is -8aa93a (base 11) in base 9?
-2648008
What